{"id":103,"date":"2024-07-17T07:50:17","date_gmt":"2024-07-17T05:50:17","guid":{"rendered":"https:\/\/rosedornezunft.wordpress.com\/?page_id=103"},"modified":"2026-03-05T21:34:13","modified_gmt":"2026-03-05T19:34:13","slug":"mulchi-fasnacht","status":"publish","type":"page","link":"https:\/\/rosedornezunft.ch\/?page_id=103","title":{"rendered":"M\u00fclchi Fasnacht"},"content":{"rendered":"\n<div class=\"wp-block-group alignfull is-style-default is-content-justification-center is-layout-constrained wp-container-core-group-is-layout-df757ecc wp-block-group-is-layout-constrained\" style=\"margin-top:0;margin-bottom:0;padding-top:calc( 0.5 * var(--wp--style--root--padding-right, var(--wp--custom--gap--horizontal)));padding-right:var(--wp--style--root--padding-right, var(--wp--custom--gap--horizontal));padding-bottom:calc( 0.5 * var(--wp--style--root--padding-right, var(--wp--custom--gap--horizontal)));padding-left:var(--wp--style--root--padding-left, var(--wp--custom--gap--horizontal))\">\n<div style=\"height:calc( 0.25 * var(--wp--style--root--padding-right, var(--wp--custom--gap--horizontal)))\" aria-hidden=\"true\" class=\"wp-block-spacer\"><\/div>\n\n\n\n<div class=\"wp-block-columns alignwide are-vertically-aligned-top is-layout-flex wp-container-core-columns-is-layout-28f84493 wp-block-columns-is-layout-flex\">\n<div class=\"wp-block-column is-vertically-aligned-top is-layout-flow wp-block-column-is-layout-flow\">\n<figure class=\"wp-block-image size-large wp-duotone-unset-1\"><img loading=\"lazy\" decoding=\"async\" width=\"1024\" height=\"974\" src=\"https:\/\/rosedornezunft.ch\/wp-content\/uploads\/2024\/07\/Flyer-Platzhalter-1024x974.png\" alt=\"\" class=\"wp-image-2380\" srcset=\"https:\/\/rosedornezunft.ch\/wp-content\/uploads\/2024\/07\/Flyer-Platzhalter-1024x974.png 1024w, https:\/\/rosedornezunft.ch\/wp-content\/uploads\/2024\/07\/Flyer-Platzhalter-300x285.png 300w, https:\/\/rosedornezunft.ch\/wp-content\/uploads\/2024\/07\/Flyer-Platzhalter-768x730.png 768w, https:\/\/rosedornezunft.ch\/wp-content\/uploads\/2024\/07\/Flyer-Platzhalter-1536x1461.png 1536w, https:\/\/rosedornezunft.ch\/wp-content\/uploads\/2024\/07\/Flyer-Platzhalter.png 1855w\" sizes=\"auto, (max-width: 1024px) 100vw, 1024px\" \/><\/figure>\n<\/div>\n\n\n\n<div class=\"wp-block-column is-vertically-aligned-top is-layout-flow wp-block-column-is-layout-flow\">\n<h2 class=\"wp-block-heading alignwide\">M\u00fclchi Fasnacht<\/h2>\n\n\n\n<h5 class=\"wp-block-heading has-text-color has-link-color wp-elements-0cdaada993306060310b9b2717f262c4\" style=\"color:#e73939\">Do. 25. bis Sa. 27. Februar 2027<\/h5>\n\n\n\n<p><strong>Programm:<\/strong><\/p>\n\n\n\n<p>Jeden Abend fasn\u00e4chtliches Treiben im Feuerwehrmagazin und im Restaurant L\u00f6wen sowie in der Gaststube. Diverse Gastguggen und unser DJ sorgen f\u00fcr die musikalische Unterhaltung. Schnitzelb\u00e4nke und Sketches sind f\u00fcr die Humorvollen unter uns auch zu bestaunen und f\u00fcr Durstige wie Hungrige sorgen die Bar und der Grillstand.<\/p>\n\n\n\n<p>Am <strong>Samstag<\/strong> Nachmittag um 14:00 Uhr startet unser Umzug mit anschliessender Kinderfasnacht und garantierter Konfettischlacht.<br><br>Falls du Interesse hast bei unserer Fasnacht mitzumachen, kannst du dich direkt bei unseren&nbsp;<a href=\"https:\/\/rosedornezunft.ch\/?page_id=13\" data-type=\"page\" data-id=\"13\">Zunftmitgliedern<\/a> melden.<\/p>\n\n\n\n<p>Das Detailprogramm f\u00fcr 2027 wird erst kurz vor dem Anlass bekannt gegeben.<\/p>\n\n\n\n<p>Wir freuen uns auf euch!<\/p>\n\n\n\n<p><br><\/p>\n\n\n\n<div style=\"height:var(--wp--preset--spacing--10)\" aria-hidden=\"true\" class=\"wp-block-spacer\"><\/div>\n<\/div>\n<\/div>\n\n\n\n<div style=\"height:50px\" aria-hidden=\"true\" class=\"wp-block-spacer\"><\/div>\n\n\n\n<div class=\"wp-block-columns alignwide is-layout-flex wp-container-core-columns-is-layout-28f84493 wp-block-columns-is-layout-flex\">\n<div class=\"wp-block-column is-vertically-aligned-top is-layout-flow wp-block-column-is-layout-flow\">\n<figure class=\"wp-block-image size-large wp-duotone-unset-2\"><img loading=\"lazy\" decoding=\"async\" width=\"1024\" height=\"974\" src=\"https:\/\/rosedornezunft.ch\/wp-content\/uploads\/2024\/07\/Flyer-Platzhalter-1024x974.png\" alt=\"\" class=\"wp-image-2380\" srcset=\"https:\/\/rosedornezunft.ch\/wp-content\/uploads\/2024\/07\/Flyer-Platzhalter-1024x974.png 1024w, https:\/\/rosedornezunft.ch\/wp-content\/uploads\/2024\/07\/Flyer-Platzhalter-300x285.png 300w, https:\/\/rosedornezunft.ch\/wp-content\/uploads\/2024\/07\/Flyer-Platzhalter-768x730.png 768w, https:\/\/rosedornezunft.ch\/wp-content\/uploads\/2024\/07\/Flyer-Platzhalter-1536x1461.png 1536w, https:\/\/rosedornezunft.ch\/wp-content\/uploads\/2024\/07\/Flyer-Platzhalter.png 1855w\" sizes=\"auto, (max-width: 1024px) 100vw, 1024px\" \/><\/figure>\n<\/div>\n\n\n\n<div class=\"wp-block-column is-vertically-aligned-center is-layout-flow wp-block-column-is-layout-flow\">\n<h2 class=\"wp-block-heading alignwide\" id=\"auftakt26\">Auftakt<\/h2>\n\n\n\n<h5 class=\"wp-block-heading has-text-color has-link-color wp-elements-b3dead491f1519485a0e975e3592fd38\" style=\"color:#e73939\">Freitag 29. Januar 2027<\/h5>\n\n\n\n<p>Mit dem Auftakt starten wir in die 33. M\u00fclchifasnacht und freuen uns die Fasnacht im Limpachthal zu er\u00f6ffnen.<\/p>\n\n\n\n<p><strong>Programm:<br><\/strong>20:30 Uhr Start des Sternmarsch auf den Dorfplatz mit anschliessendem Platzkonzert und Hissen der Fahne.<\/p>\n\n\n\n<p>Ab 21:30 Uhr Fasnachtsparty im Rest. L\u00f6wen und im ehem. Feuerwehrmagazin mit DJ Crazyold, Barbetrieb, unseren Gastguggen und nat\u00fcrlich dem Gh\u00fcderh\u00fcfeli!<\/p>\n\n\n\n<p>Die Gastguggen werden noch bekannt gegeben<\/p>\n\n\n\n<p>Wir freuen uns auf euch =)<\/p>\n\n\n\n<div style=\"height:var(--wp--preset--spacing--10)\" aria-hidden=\"true\" class=\"wp-block-spacer\"><\/div>\n<\/div>\n<\/div>\n\n\n\n<div style=\"height:calc( 0.25 * var(--wp--style--root--padding-right, var(--wp--custom--gap--horizontal)))\" aria-hidden=\"true\" class=\"wp-block-spacer\"><\/div>\n<\/div>\n","protected":false},"excerpt":{"rendered":"<p>M\u00fclchi Fasnacht Do. 25. bis Sa. 27. Februar 2027 Programm: Jeden Abend fasn\u00e4chtliches Treiben im Feuerwehrmagazin und im Restaurant L\u00f6wen sowie in der Gaststube. Diverse Gastguggen und unser DJ sorgen f\u00fcr die musikalische Unterhaltung. Schnitzelb\u00e4nke und Sketches sind f\u00fcr die Humorvollen unter uns auch zu bestaunen und f\u00fcr Durstige wie Hungrige sorgen die Bar und [&hellip;]<\/p>\n","protected":false},"author":1,"featured_media":0,"parent":0,"menu_order":0,"comment_status":"closed","ping_status":"closed","template":"","meta":{"footnotes":""},"class_list":["post-103","page","type-page","status-publish","hentry"],"_links":{"self":[{"href":"https:\/\/rosedornezunft.ch\/index.php?rest_route=\/wp\/v2\/pages\/103","targetHints":{"allow":["GET"]}}],"collection":[{"href":"https:\/\/rosedornezunft.ch\/index.php?rest_route=\/wp\/v2\/pages"}],"about":[{"href":"https:\/\/rosedornezunft.ch\/index.php?rest_route=\/wp\/v2\/types\/page"}],"author":[{"embeddable":true,"href":"https:\/\/rosedornezunft.ch\/index.php?rest_route=\/wp\/v2\/users\/1"}],"replies":[{"embeddable":true,"href":"https:\/\/rosedornezunft.ch\/index.php?rest_route=%2Fwp%2Fv2%2Fcomments&post=103"}],"version-history":[{"count":23,"href":"https:\/\/rosedornezunft.ch\/index.php?rest_route=\/wp\/v2\/pages\/103\/revisions"}],"predecessor-version":[{"id":2758,"href":"https:\/\/rosedornezunft.ch\/index.php?rest_route=\/wp\/v2\/pages\/103\/revisions\/2758"}],"wp:attachment":[{"href":"https:\/\/rosedornezunft.ch\/index.php?rest_route=%2Fwp%2Fv2%2Fmedia&parent=103"}],"curies":[{"name":"wp","href":"https:\/\/api.w.org\/{rel}","templated":true}]}}